alse
Is 183683 prime?
True
Is 251 a composite number?
False
Is 5779 composite?
False
Is 75161 prime?
True
Is 2927 a composite number?
False
Is 1337165 a composite number?
True
Is 8791 a prime number?
False
Is 284881 a composite number?
False
Is 4265 composite?
True
Is 749818 composite?
True
Is 361843 a composite number?
False
Is 872918 a prime number?
False
Is 58859 prime?
False
Is 537317 composite?
True
Is 449 a prime number?
True
Is 20789 a composite number?
False
Is 29983 a prime number?
True
Is 554221 a prime number?
False
Is 53421 a composite number?
True
Is 177373 prime?
False
Is 29663 a composite number?
False
Is 2681 composite?
True
Is 14613 composite?
True
Is 1757967 prime?
False
Is 221 prime?
False
Is 53503 a composite number?
False
Is 611027 a composite number?
False
Is 4981 prime?
False
Is 3737 a composite number?
True
Is 1657 composite?
False
Is 215467 a prime number?
False
Is 11269 a prime number?
False
Is 22853 a composite number?
False
Is 14699 prime?
True
Is 2909 prime?
True
Is 541 a prime number?
True
Is 821801 a composite number?
False
Is 57037 a prime number?
True
Is 2585899 prime?
True
Is 1123 composite?
False
Is 199591 a prime number?
False
Is 1801 a composite number?
False
Is 443449 a composite number?
True
Is 79457 a composite number?
True
Is 487561 a prime number?
True
Is 57169 composite?
True
Is 936363 composite?
True
Is 7241 prime?
False
Is 4213 a composite number?
True
Is 3511 a prime number?
True
Is 54749 a composite number?
True
Is 59197 a prime number?
True
Is 65986 a prime number?
False
Is 47453 a composite number?
True
Is 25001 composite?
True
Is 17827 composite?
False
Is 9413 composite?
False
Is 24943 prime?
True
Is 23849 prime?
False
Is 61511 a composite number?
False
Is 296551 composite?
False
Is 217703 a composite number?
True
Is 19331 a prime number?
False
Is 18341 composite?
False
Is 2594 prime?
False
Is 91621 a prime number?
True
Is 123383 a prime number?
False
Is 2203 prime?
True
Is 616133 composite?
True
Is 11983 composite?
True
Is 12841 a prime number?
True
Is 2309 composite?
False
Is 11589 composite?
True
Is 72797 prime?
True
Is 266333 a prime number?
True
Is 14387 prime?
True
Is 2157 a prime number?
False
Is 94981 a prime number?
False
Is 27941 prime?
True
Is 13367 a prime number?
True
Is 7069 composite?
False
Is 122831 prime?
False
Is 8363 prime?
True
Is 595279 prime?
False
Is 21178 composite?
True
Is 2669 composite?
True
Is 7753 a prime number?
True
Is 701 a composite number?
False
Is 171161 a prime number?
True
Is 1531 prime?
True
Is 598459 composite?
True
Is 890854 prime?
False
Is 418463 composite?
True
Is 249703 composite?
False
Is 313927 a prime number?
False
Is 17509 prime?
True
Is 3217 prime?
True
Is 20593 a prime number?
True
Is 302261 a composite number?
False
Is 123931 prime?
True
Is 7642 prime?
False
Is 1078873 composite?
False
Is 6449 composite?
False
Is 691 prime?
True
Is 62383 prime?
True
Is 1415494 a composite number?
True
Is 6582527 a composite number?
True
Is 574859 composite?
False
Is 42049 a prime number?
False
Is 38989 composite?
True
Is 739 a composite number?
False
Is 158267 a composite number?
True
Is 21179 prime?
True
Is 129463 a prime number?
False
Is 28349 composite?
False
Is 6731 a prime number?
False
Is 129011 composite?
False
Is 3511 prime?
True
Is 7729 composite?
True
Is 259517 prime?
True
Is 1781 prime?
False
Is 59759 a composite number?
True
Is 3865697 a composite number?
True
Is 260257 composite?
True
Is 351213 a composite number?
True
Is 19121 composite?
False
Is 15559 a prime number?
True
Is 139423 composite?
False
Is 639043 a prime number?
True
Is 593689 a composite number?
False
Is 4701 prime?
False
Is 98741 composite?
True
Is 191 prime?
True
Is 202 prime?
False
Is 5195 prime?
False
Is 1171 prime?
True
Is 2507 a prime number?
False
Is 101239 composite?
True
Is 34211 a prime number?
True
Is 6241 composite?
True
Is 5207 prime?
False
Is 31921 prime?
False
Is 164717 a composite number?
True
Is 127481 prime?
True
Is 9778 prime?
False
Is 718079 composite?
True
Is 1931453 prime?
True
Is 797 a prime number?
True
Is 2777 prime?
True
Is 6463 a composite number?
True
Is 7737 a prime number?
False
Is 1642 a prime number?
False
Is 176887 a prime number?
True
Is 1541591 a prime number?
True
Is 19309 composite?
False
Is 39329 a prime number?
False
Is 315631 a composite number?
False
Is 1069 composite?
False
Is 1663 prime?
True
Is 560381 a prime number?
False
Is 13381 a prime number?
True
Is 14583 prime?
False
Is 10973 composite?
False
Is 2395 a composite number?
True
Is 534119 a prime number?
False
Is 413357 composite?
True
Is 1566339 composite?
True
Is 24733 prime?
True
Is 25009 prime?
False
Is 15935 prime?
False
Is 15278 composite?
True
Is 4834 composite?
True
Is 3754 composite?
True
Is 485 a prime number?
False
Is 38299 prime?
True
Is 188501 a prime number?
False
Is 54179 a prime number?
False
Is 12247 a prime number?
False
Is 386777 a prime number?
True
Is 101687 prime?
False
Is 9235 a prime number?
False
Is 35363 prime?
True
Is 6415 a composite number?
True
Is 44417 composite?
False
Is 5569 prime?
True
Is 20647 a prime number?
False
Is 2122 a composite number?
True
Is 8743 a composite number?
True
Is 115865 a prime number?
False
Is 35747 composite?
False
Is 2159 composite?
True
Is 16273 a prime number?
True
Is 2638 a composite number?
True
Is 909193 prime?
False
Is 17021 prime?
True
Is 2330221 composite?
False
Is 7121 composite?
False
Is 7343 composite?
True
Is 136691 a composite number?
False
Is 619511 prime?
True
Is 24607 a composite number?
True
Is 161911 a composite number?
False
Is 347453 a prime number?
False
Is 26407 composite?
False
Is 4358 prime?
False
Is 96377 composite?
False
Is 93517 a prime number?
False
Is 24197 a prime number?
True
Is 1199977 a composite number?
True
Is 3865 prime?
False
Is 12349 prime?
False
Is 655783 prime?
False
Is 87689 a composite number?
True
Is 317 a prime number?
True
Is 115639 a prime number?
False
Is 328534 prime?
False
Is 35279 prime?
True
Is 385877 a composite number?
False
Is 866485 prime?
False
Is 15179 a composite number?
True
Is 47777 a composite number?
False
Is 205289 a composite number?
True
Is 2884897 a prime number?
True
Is 1909 composite?
True
Is 120799 prime?
False
Is 367793 a composite number?
True
Is 1357 composite?
True
Is 464069 a prime number?
True
Is 25349 a prime number?
True
Is 333367 composite?
False
Is 875947 prime?
True
Is 7177 composite?
False
Is 1198297 a composite number?
False
Is 79941 composite?
True
Is 77069 a prime number?
True
Is 10831 a prime number?
True
Is 961703 composite?
False
Is 1949 prime?
True
Is 328373 a composite number?
False
Is 128461 composite?
False
Is 508709 composite?
False
Is 10687 a prime number?
True
Is 179779 prime?
True
Is 804835 composite?
True
Is 730187 a composite number?
False
Is 464429 a composite number?
True
Is 697877 a prime number?
True
Is 91 a composite number?
True
Is 1481197 prime?
True
Is 1391 a prime number?
False
Is 72589 composite?
True
Is 443489 prime?
True
Is 2807591 composite?
False
Is 1096273 a composite number?
True
Is 739097 prime?
False
Is 736393 a prime number?
False
Is 153623 composite?
False
Is 278797 a composite number?
True
Is 43343 prime?
False
Is 184849 prime?
False
Is 156363 composite?
True
Is 89242 a prime number?
False
Is 444739 a prime number?
True
Is 493 a prime number?
False
Is 638643 a prime number?
False
Is 272117 composite?
True
Is 107537 composite?
True
Is 65579 a composite number?
False
Is 36415 prime?
False
Is 2899 composite?
True
Is 38867 prime?
True
Is 522191 composite?
False
Is 98369 a prime number?
True
Is 389269 a prime number?
True
Is 1655 a prime number?
False
Is 175039 prime?
True
Is 25901 prime?
False
Is 916667 a prime number?
False
Is 31379 a prime number?
True
Is 43391 a prime number?
True
Is 2287 prime?
True
Is 1090127 a prime number?
True
Is 52201 prime?
True
Is 22238 composite?
True
Is 2012215 a prime number?
False
Is 788461 a prime number?
False
Is 1198 composite?
True
Is 371797 composite?
False
Is 1033001 prime?
True
Is 229717 a composite number?
False
Is 1502611 a prime number?
False
Is 46553 prime?
False
Is 108571 composite?
False
Is 5981 a composite number?
False
Is 23771 a composite number?
True
Is 231503 a prim